 Give g(39).
-59
Let f(w) = 45*w + 298. Determine f(-6).
28
Let y(x) = -5777*x - 69315. Calculate y(-12).
9
Let w(b) = 510*b + 5633. Give w(-11).
23
Let r(d) = -117*d + 1642. Determine r(14).
4
Let f(h) = 2*h**2 - 9*h - 372. Calculate f(16).
-4
Let b(r) = -13*r**2 - 2232*r - 1548. Determine b(-171).
-9
Let z(s) = -953*s + 6640. Calculate z(7).
-31
Let w(i) = -19*i**3 - 207*i**2 + 21*i - 9. What is w(-11)?
2
Let h(z) = -552*z + 3372. What is h(6)?
60
Let b(c) = c**2 + 5*c - 65. Calculate b(-12).
19
Let q(v) = 18*v**2 + 16*v + 16. What is q(-1)?
18
Let u(s) = 26*s - 612. What is u(14)?
-248
Let y(u) = u**3 - 64*u**2 - 131*u - 52. What is y(66)?
14
Let n(d) = -121*d**3 - 22*d**2 + 16*d + 6. Give n(1).
-121
Let n(p) = 5*p**3 - 234*p**2 - 45*p - 127. Determine n(47).
-33
Let w(t) = t**2 + 40*t + 31. What is w(-44)?
207
Let k(y) = -26*y**2 - 320*y - 100. Calculate k(-12).
-4
Let a(s) = 36*s + 56. Calculate a(10).
416
Let u(p) = 19*p**3 - 57*p + 58. Determine u(1).
20
Let d(v) = v**3 + 44*v**2 + 86*v - 32. What is d(-42)?
-116
Let b(n) = n**3 + 6*n**2 - n + 18. What is b(3)?
96
Let l(b) = -b**3 + 11*b**2 - 24*b - 26. Give l(7).
2
Let b(r) = 109*r + 426. What is b(-4)?
-10
Let t(o) = -3*o**3 - 53*o**2 - 20*o + 239. Calculate t(-17).
1
Let a(f) = 4*f**2 + 183*f + 18. Determine a(-46).
64
Let c(z) = 2*z**3 + 165*z**2 + 77*z - 403. Determine c(-82).
7
Let t(f) = -f**3 - 26*f**2 + 72*f + 330. Calculate t(-28).
-118
Let k(h) = h**2 + 73*h + 1263. Calculate k(-28).
3
Let x(a) = 109*a + 1230. What is x(-7)?
467
Let f(y) = -y**2 - 39*y - 9. Calculate f(-7).
215
Let f(y) = y**3 - 11*y**2 + 24*y - 83. Give f(7).
-111
Let b(r) = 2*r**2 + 49*r + 243. Determine b(-18).
9
Let b(q) = q**3 - 19*q**2 + 13*q + 39. What is b(16)?
-521
Let q(t) = 32*t + 518. What is q(-16)?
6
Let m(z) = -198*z**2 + 4*z - 6. What is m(1)?
-200
Let q(t) = -2*t**2 - 545*t - 10437. What is q(-21)?
126
Let d(t) = 1406*t + 8442. What is d(-6)?
6
Let k(m) = -m**2 + 55*m - 19. Calculate k(16).
605
Let m(b) = -4*b**3 + 22*b**2 - 3*b + 3. Give m(5).
38
Let x(f) = f**2 + 29*f - 238. Calculate x(-34).
-68
Let n(l) = -5633*l - 84469. Calculate n(-15).
26
Let f(s) = -s**3 - 12*s**2 + 18*s + 38. Calculate f(-14).
178
Let b(s) = s**2 + 168*s + 2762. What is b(-18)?
62
Let m(f) = -f**2 - 57*f + 26. What is m(-57)?
26
Let y(d) = -9*d**3 + 650*d**2 - 147*d + 211. Give y(72).
-5
Let a(g) = 8*g**2 - 112*g + 362. What is a(9)?
2
Let p(z) = 171*z - 2056. Calculate p(12).
-4
Let i(b) = -b**3 - 15*b**2 + 12*b - 1. Give i(-14).
-365
Let w(g) = -2*g**3 + 35*g**2 - 18*g - 66. What is w(16)?
414
Let r(x) = -3*x**2 - 17*x + 490. Determine r(-16).
-6
Let d(v) = 2*v**2 + 68*v + 474. Calculate d(-10).
-6
Let p(s) = -24893*s + 323613. Give p(13).
4
Let w(i) = -i**3 - 35*i**2 + 291*i - 23. Give w(-42).
103
Let l(i) = -71*i + 1736. Give l(24).
32
Let s(o) = -19*o + 296. Give s(15).
11
Let q(h) = 4*h**2 + 108*h - 119. Calculate q(-28).
-7
Let a(d) = -8*d - 197. Calculate a(26).
-405
Let i(a) = 81*a + 1192. What is i(-15)?
-23
Let s(h) = 2231*h - 91486. Determine s(41).
-15
Let w(b) = 24*b**2 + 125*b + 5. Give w(-2).
-149
Let v(a) = -8*a + 199. Calculate v(25).
-1
Let r(f) = f**3 - 15*f**2 - 102*f - 4. Determine r(20).
-44
Let h(x) = x**3 + 10*x**2 - 44*x - 475. What is h(-8)?
5
Let k(g) = g**3 + 72*g**2 + 270*g - 12. What is k(-4)?
-4
Let y(b) = b**3 - 9*b**2 - 3*b + 19. What is y(6)?
-107
Let l(y) = 62*y - 173. Calculate l(4).
75
Let l(s) = -s**2 - 32*s + 226. Calculate l(-39).
-47
Let f(m) = m**3 - 36*m**2 - 288*m - 605. Calculate f(43).
-46
Let t(j) = j**2 - 47*j + 441. Calculate t(15).
-39
Let h(s) = s**2 + 478*s + 952. Give h(-2).
0
Let i(q) = 8*q**2 + 168*q + 148. What is i(-20)?
-12
Let t(w) = -62*w - 2111. What is t(-34)?
-3
Let b(z) = -21*z**2 + 20*z - 5. Determine b(1).
-6
Let k(u) = u**3 + 3*u**2 + 2*u - 23. What is k(-4)?
-47
Let y(c) = 167*c**2 + 14*c + 14. Calculate y(-1).
167
Let l(c) = -4*c**2 - 225*c + 233. Calculate l(-58).
-173
Let v(y) = -y**3 - 19*y**2 + 48*y + 131. What is v(-21)?
5
Let w(r) = -3*r**3 - 13*r**2 + 8*r - 17. Calculate w(-5).
-7
Let m(w) = -15*w**2 - 389*w + 55. Give m(-26).
29
Let n(i) = i**3 + 15*i**2 + 18*i + 16. Calculate n(-14).
-40
Let a(y) = -133*y - 7034. Calculate a(-52).
-118
Let j(p) = -2*p**2 - 57*p + 816. Calculate j(-39).
-3
Let s(v) = -v**2 + 36*v - 195. What is s(19)?
128
Let f(q) = q**3 - 10*q**2 - 502*q - 70. What is f(28)?
-14
Let b(q) = -114*q - 5703. What is b(-50)?
-3
Let v(g) = -3*g**2 - 34*g - 85. Determine v(-8).
-5
Let d(m) = -41*m - 278. Calculate d(0).
-278
Let a(p) = 1196*p + 13160. What is a(-11)?
4
Let f(v) = -48*v - 1876. Determine f(-39).
-4
Let o(d) = 64*d + 3514. Calculate o(-55).
-6
Let f(m) = -2*m**2 + 200*m - 3238. Give f(77).
304
Let i(v) = -2*v**2 - 36*v - 14. What is i(-16)?
50
Let j(r) = r**2 - 14*r + 2. Give j(-3).
53
Let j(q) = -q**3 - 10*q**2 - 22*q - 216. What is j(-10)?
4
Let m(r) = -26*r + 887. Calculate m(35).
-23
Let d(r) = r**3 + 142*r**2 + 283*r + 426. Give d(-140).
6
Let x(w) = 62*w**2 + 811*w + 58. Give x(-13).
-7
Let z(t) = 117*t + 2104. Calculate z(-18).
-2
Let v(h) = 2*h**3 + 32*h**2 + 3*h + 30. Give v(-16).
-18
Let x(p) = -p**2 - 38*p - 264. Determine x(-33).
-99
Let y(l) = -2484*l + 4982. Calculate y(2).
14
Let r(g) = -g**3 + 3*g**2 - 20*g + 76. What is r(9)?
-590
Let d(p) = p**3 - p**2 - 54*p - 97. What is d(-5)?
23
Let f(d) = 3*d**2 - 86*d - 36. What is f(29)?
-7
Let s(c) = -574*c - 407. What is s(-1)?
167
Let b(w) = w**3 - 667*w**2 + 24492*w + 1. Determine b(39).
1
Let r(d) = -5*d**2 - 6*d + 51. Determine r(3).
-12
Let s(w) = -w**2 + 22*w - 43. Determine s(6).
53
Let f(y) = -1216*y - 7249. Give f(-6).
47
Let u(b) = b**2 + 16*b + 7. Give u(-16).
7
Let b(y) = 2*y**3 - 13*y**2 + 778*y - 5469. Determine b(7).
26
Let o(u) = -6*u**2 + 21*u + 21. What is o(-6)?
-321
Let g(d) = -39*d - 147. Give g(-5).
48
Let x(a) = 983*a - 5936. Give x(6).
-38
Let f(w) = -3*w**2 + 79*w - 434. Determine f(8).
6
Let r(f) = -f**2 + 776*f - 1547. What is r(2)?
1
Let k(m) = -m**3 + 47*m**2 + 42*m + 82. Give k(48).
-206
Let k(v) = 70*v + 696. Give k(-8).
136
Let c(r) = -4*r**3 + 2*r**2 + r - 13. What is c(3)?
-100
Let q(o) = 201*o - 6663. Determine q(33).
-30
Let i(h) = -h**3 + 19*h**2 - 37*h - 16. Calculate i(17).
-67
Let f(q) = 333*q + 1254. Determine f(-5).
-411
Let s(l) = -155*l - 1850. What is s(-12)?
10
Let t(i) = i**3 - 67*i**2 + 741*i + 40. Calculate t(53).
-13
Let j(z) = z**2 - 25*z + 94. What is j(13)?
-62
Let a(y) = 2*y**2 + 117*y + 379. Give a(-56).
99
Let k(g) = -g**3 + 4*g**2 - 5*g + 21. Give k(-5).
271
Let q(y) = -23*y - 620. Determine q(-30).
70
Let x(l) = 333*l + 14662. Calculate x(-44).
10
Let w(r) = -r**3 - 16*r**2 - 48*r + 77. Determine w(-11).
0
Let h(c) = c**3 - 46*c**2 - 3*c + 132. Give h(46).
-6
Let b(p) = -p**3 + 117*p**2 + 359*p + 123. What is b(120)?
3
Let x(t) = -t**3 + 12*t**2 - 5*t - 5. Determine x(11).
61
Let q(v) = 5*v**2 + 179*v - 103. What is q(-36)?
-67
Let k(w) = -32*w - 38. What is k(2)?
-102
Let m(d) = 5*d**2 - 20*d - 17. Calculate m(7).
88
Let l(t) = 7*t**2 + 5*t + 11. Give l(-2).
29
Let v(f) = 4*f**3 - 14*f**2 + 12*f + 5. What is v(5)?
215
Let d(s) = 22*s**2 + 50*s + 155. Calculate d(-6).
647
Let o(w) = 2*w**2 + 1116*w + 55331. Give o(-503).
1
Let o(j) = 2*j**2 + 31*j + 128. Calculate o(-7).
9
Let p(y) = 118*y + 234. Calculate p(-2).
-2
Let g(n) = -22*n - 228. What is g(-10)?
-8
Let y(u) = -u**2 - 21*u - 36. Determine y(-21).
-36
Let m(x) = 13*x**2 + 14*x - 30. Determine m(6).
522
Let k(d) = d**3 - 18*d**2 + 61*d - 84. What is k(14)?
-14
Let d(t) = -6*t**2 + 18*t - 7. Determine d(4).
-31
Let g(d) = 2*d**3 + 46*d**2 + 47*d + 79. What is g(-22)?
13
Let q(v) = v**2 - 38*v + 132. Determine q(22).
-220
Let t(z) = -7579*z + 735167. What is t(97)?
4
Let g(y) = 37*y**2 + 24*y + 23. Give g(-1).
36
Let g(s) = -7*s**3 - 7*s**2 + 23*s - 14. What is g(1)?
-5
Let j(x) = -434*x + 6943. Calculate j(16).
-1
Let d(t) = t**2 - 7*t - 152. What is d(-9)?
-8
Let w(o) = 7*o**2 + 174*o - 219. What is w(-26)?
-11
Let c(k) = -k**2 + 39*k + 7621. Give c(-70).
-9
Let i(y) = -162*y - 1855. Determine i(-10).
-235
Let n(b) = -41*b**2 - 1891*b - 228. Give n(-46).
2
Let d(n) = -n**3 + 19*n**2 - 23*n - 16. What is d(14)?
642
Let s(y) = y**3 - 9*y